 12179639 prime?
False
Is 1330843 composite?
False
Is 121092703 a composite number?
False
Is 2535719 prime?
True
Is 1696033 a prime number?
True
Is 818633 a prime number?
False
Is 200693 a prime number?
False
Is 58471955 a prime number?
False
Is 76367 a prime number?
True
Is 4710679 prime?
False
Is 115057 prime?
True
Is 9559613 composite?
True
Is 121671817 prime?
False
Is 3977687 composite?
True
Is 11946101 a composite number?
False
Is 25387753 a prime number?
False
Is 108779467 prime?
True
Is 40087 a prime number?
True
Is 102655159 composite?
False
Is 217960181 a prime number?
True
Is 269851 composite?
False
Is 67523 composite?
False
Is 161782121 a composite number?
False
Is 767218 a prime number?
False
Is 5512183 composite?
False
Is 25997513 a composite number?
False
Is 7476427 a composite number?
True
Is 936647 composite?
False
Is 1448593 prime?
True
Is 17776559 prime?
False
Is 106810337 a prime number?
False
Is 3280111 composite?
False
Is 18440231 a composite number?
False
Is 12433637 composite?
True
Is 1619791 prime?
True
Is 111905219 a prime number?
True
Is 10170359 a prime number?
False
Is 248159701 composite?
False
Is 6960943 prime?
False
Is 102309917 a prime number?
True
Is 178779121 prime?
True
Is 1701223 prime?
False
Is 12475973 a prime number?
True
Is 58455093 a composite number?
True
Is 2431801 composite?
True
Is 181361 prime?
True
Is 670368947 composite?
False
Is 55817549 a composite number?
True
Is 48347121 prime?
False
Is 1875409 a prime number?
False
Is 18616187 composite?
False
Is 3498358 composite?
True
Is 24070195 a prime number?
False
Is 106997767 prime?
True
Is 67658143 a composite number?
True
Is 1456057 a prime number?
True
Is 469303 a composite number?
False
Is 3149521 a prime number?
True
Is 16698421 prime?
False
Is 5139854 a prime number?
False
Is 99077009 prime?
False
Is 170868331 a composite number?
True
Is 22643923 a prime number?
False
Is 1683203 prime?
False
Is 14562061 a composite number?
False
Is 65035331 a prime number?
True
Is 33221459 a composite number?
False
Is 8796089 prime?
False
Is 87583 a prime number?
True
Is 89419443 composite?
True
Is 2696483 composite?
False
Is 61355267 composite?
False
Is 11228101 a prime number?
False
Is 6151391 prime?
True
Is 277919 a composite number?
False
Is 773621 a composite number?
True
Is 7034333 composite?
True
Is 41398277 prime?
False
Is 19382711 prime?
True
Is 12273483 composite?
True
Is 189414763 prime?
True
Is 1896427 composite?
True
Is 252707953 composite?
False
Is 7647515 a composite number?
True
Is 3400174 composite?
True
Is 1443239 a prime number?
False
Is 44618599 a prime number?
True
Is 66976163 a composite number?
False
Is 6748829 a prime number?
True
Is 634643 prime?
True
Is 21383573 prime?
True
Is 3394694 prime?
False
Is 52879 a composite number?
False
Is 76674869 composite?
True
Is 44517841 composite?
True
Is 1260017 composite?
True
Is 122051321 a prime number?
False
Is 7751239 a prime number?
True
Is 166266797 composite?
True
Is 14019983 a prime number?
False
Is 3905599 a composite number?
False
Is 45378863 composite?
True
Is 371737 prime?
True
Is 47646113 a composite number?
False
Is 17857681 prime?
False
Is 1468169 prime?
False
Is 160663999 a prime number?
True
Is 97918273 composite?
False
Is 3750469 prime?
False
Is 5335687 a composite number?
True
Is 15442391 a composite number?
True
Is 4544873 prime?
True
Is 44328413 prime?
True
Is 3422995 composite?
True
Is 14584513 composite?
False
Is 38606213 composite?
True
Is 340169 prime?
True
Is 14274419 composite?
True
Is 2385749 prime?
False
Is 92248159 prime?
False
Is 11141693 a composite number?
False
Is 26408617 a composite number?
True
Is 392699 composite?
False
Is 1212449 a composite number?
True
Is 94358519 prime?
True
Is 203083 composite?
True
Is 2687593 prime?
True
Is 307636159 a composite number?
False
Is 8016821 composite?
True
Is 25089641 a composite number?
False
Is 11210279 prime?
True
Is 4924371 a composite number?
True
Is 6990535 prime?
False
Is 75151901 a composite number?
True
Is 577307 prime?
True
Is 5322971 a prime number?
True
Is 6761593 prime?
False
Is 27843043 a composite number?
False
Is 16572593 composite?
False
Is 321101 composite?
True
Is 11324389 a prime number?
False
Is 40687859 a prime number?
True
Is 32442757 composite?
False
Is 4360693 composite?
True
Is 26056241 a composite number?
False
Is 6801771 composite?
True
Is 5689969 composite?
True
Is 7112411 a prime number?
True
Is 43361687 a prime number?
True
Is 67477979 prime?
False
Is 849085 prime?
False
Is 26674469 a prime number?
False
Is 5485967 composite?
True
Is 3945803 composite?
False
Is 30725909 prime?
False
Is 908676242 prime?
False
Is 81109709 a prime number?
True
Is 18950507 a prime number?
True
Is 4263659 prime?
True
Is 2232487 prime?
True
Is 12155447 a composite number?
False
Is 53847851 prime?
True
Is 222416881 prime?
True
Is 1735267 composite?
True
Is 21676507 prime?
True
Is 31573819 a prime number?
True
Is 95154859 prime?
True
Is 6572191 a composite number?
False
Is 6394457 a prime number?
True
Is 2508733 composite?
True
Is 797113 prime?
False
Is 1319291 a prime number?
False
Is 3794039 prime?
True
Is 24964151 prime?
True
Is 26543509 composite?
False
Is 1267846 prime?
False
Is 45036269 a prime number?
True
Is 53265035 a prime number?
False
Is 2381165 composite?
True
Is 700423 prime?
True
Is 31568477 a composite number?
True
Is 437317 composite?
True
Is 366953459 composite?
False
Is 6262651 prime?
False
Is 19901923 prime?
False
Is 12243235 a prime number?
False
Is 17111221 prime?
True
Is 2279627527 a composite number?
True
Is 137777 prime?
True
Is 931289 composite?
False
Is 34188911 composite?
True
Is 41190551 a composite number?
False
Is 3145117 a prime number?
True
Is 60972053 prime?
True
Is 2421791159 a composite number?
False
Is 8747161 prime?
False
Is 4321601 prime?
True
Is 2674493 a composite number?
True
Is 331879 composite?
True
Is 2884279 a prime number?
True
Is 3198313 composite?
False
Is 10516333 a composite number?
False
Is 112809953 prime?
True
Is 5521783 prime?
True
Is 25479347 a composite number?
True
Is 5810041 composite?
True
Is 8284141 a prime number?
True
Is 180659719 prime?
True
Is 1076991659 a composite number?
False
Is 159188927 composite?
False
Is 75475837 prime?
True
Is 16139041 prime?
True
Is 12361445 a prime number?
False
Is 44602199 a composite number?
False
Is 256754363 composite?
False
Is 4657073 a composite number?
True
Is 1068269 a composite number?
True
Is 43597 prime?
True
Is 6150503 a composite number?
False
Is 84183163 prime?
False
Is 7486187 a prime number?
True
Is 1887131 a prime number?
True
Is 38486617 a prime number?
False
Is 62779151 a prime number?
True
Is 8976421 prime?
True
Is 24781981 a composite number?
True
Is 236106637 a prime number?
False
Is 256376521 composite?
False
Is 787387 prime?
False
Is 1666589 a prime number?
True
Is 200353201 prime?
True
Is 25905842 prime?
False
Is 106127611 a composite number?
False
Is 5002259 a prime number?
True
Is 7283 prime?
True
Is 29344487 composite?
False
Is 15624617 composite?
False
Is 9072163 composite?
True
Is 19914571 a prime number?
True
Is 60681223 prime?
True
Is 1205135 a composite number?
True
Is 170439163 prime?
False
Is 2578951 a composite number?
True
Is 165307435 a prime number?
False
Is 603077 prime?
True
Is 5273711 composite?
False
Is 274661 a composite number?
False
Is 7676269 prime?
True
Is 3905267 prime?
False
Is 842019 prime?
False
Is 376907779 composite?
False
Is 10638631 a prime number?
True
Is 3259369 a prime number?
True
Is 2192797 a prime number?
False
Is 27470363 a composite number?
False
Is 1014146623 composite?
True
Is 50663657 prime?
False
Is 12589289 a prime number?
True
Is 29279243 composite?
True
Is 42726569 prime?
True
Is 5021129 a prime number?
False
Is 3080237 a prime number?
True
Is 307317583 a composite number?
False
Is 53755681 composite?
True
Is 12031991 prime?
True
Is 27219155 prime?
False
Is 405883 a composite number?
True
Is 333230353 composite?
False
Is 503278511 a prime number?
True
Is 138694481 a composite number?
True
Is 211766 composite?
True
Is 1479911 a composite number?
False
Is 247605581 prime?
False
Is 1002871 prime?
True
Is 56514169 a prime number?
False
Is 97493551 a composite 